6 - c**3 + c**2 - 8*c. Let r(d) = -d**2 - 7*d - 6. Let p be r(-5). Determine m(p).
10
Let a(l) = 6*l**3 - l**2 - l. Let t = 0 + 8. Suppose -3 = -5*j + t*j. Determine a(j).
-6
Let w(q) = 5*q - 10 + 7 + 7. Let x(r) = -5*r - 3. Let b(f) = -3*w(f) - 4*x(f). Determine b(-1).
-5
Let j(r) = -6*r**3 - r**2. Let f(s) = -s**3 - s**2 + 1. Let z be f(-1). Give j(z).
-7
Let t(m) be the first derivative of -m**3/3 - 2*m**2 + 3*m + 1. Suppose 26 = -5*s + 1. Determine t(s).
-2
Let t(z) = -z - 10. Suppose 0 = 2*r + 6. Let h = 6 - 3. Let a be (-2)/r + (-17)/h. What is t(a)?
-5
Let k(g) = -g + 9. Let r be (-1 - -3)*(-32)/8. Calculate k(r).
17
Let h(y) = 310*y**2 + 2 - 2*y**3 + 3*y - 4 - 1 - 309*y**2. Give h(2).
-9
Let b(r) = 5*r**3 + 5*r**2 + 7*r + 1. Let v be -2 - 18*2/4. Let z(o) = -14*o**3 - 14*o**2 - 20*o - 3. Let q(l) = v*b(l) - 4*z(l). What is q(-2)?
-9
Let k(c) = -c**3 + 10*c**2 + c - 8. Let q be k(10). Let m(r) = -4*r + q + 3 - r - r**2 + 0*r**2. What is m(-6)?
-1
Let y(p) = p**3 - 5*p**2 + 3*p - 1. Let k(s) = s**3 - s - 15. Let n be k(0). Let x = -11 - n. What is y(x)?
-5
Let d be (-7)/4 + 2 - 0. Let h(b) be the third derivative of -d*b**4 - 1/6*b**3 - b**2 + 0 + 0*b - 1/60*b**5. Calculate h(-5).
4
Let a = 64 + -51. Let p(m) = -m**3 - 4*m**2 + 7*m + 2. Let u be p(-5). Let c = u + a. Let z(w) = -w**2 + 4*w + 5. What is z(c)?
0
Let y(w) = -90 + 51 - w**2 + 4*w + 44. Determine y(5).
0
Let s(z) = 0*z**2 + 9*z - 3 - 5*z + 7*z**2 - 11*z**2. Give s(2).
-11
Let x(z) be the first derivative of -2*z**3/3 + 2*z - 37. What is x(2)?
-6
Suppose -3*y = -y + 12. Let p be (4/y)/((-1)/(-9)). Let t(s) = s**2 + 7*s - 1. Calculate t(p).
-7
Suppose -5*u = -2*t + 9, -2*t = -4*u + 1 - 9. Let l(d) = -3*d - 5 + 2*d**t + 6*d + 1 + 1. Determine l(-3).
6
Let x(y) = y**3 + y**2 + 2*y + 1. Let v(z) = 5*z + 9. Let j(s) = 14*s + 26. Let c(f) = -4*j(f) + 11*v(f). Let g be c(-3). Give x(g).
-7
Suppose t + 4 = -2*j - 9, -4*t = -4*j - 20. Let w(v) = -v**3 - 7*v**2 - 6*v - 2. Determine w(j).
-2
Suppose 5 = -5*f, 2*b - 4*f = -f + 7. Let x(n) = n + n**b + 2 - 3 + 2. What is x(0)?
1
Let h be 1 + -3*(-6)/9. Suppose 25 = 5*s, 5*m = h*m + 5*s - 15. Let u(j) = j - 4. Calculate u(m).
1
Let j(w) = -w**2 - 4*w - 4. Let n(o) = -o**3 + 3*o**2 - 1. Let m be n(3). Let h be (m + 2)/(2 - 1). Let l be h + (-12)/(9/3). Calculate j(l).
-1
Let b(n) = -n**3 - 5*n**2 - n + 6. Let v(y) = -y**3 - 10*y**2 - 16*y - 5. Let a be v(-8). Give b(a).
11
Let y(n) = -4*n**3 + 7*n**2 + 3*n - 9. Let s be ((-10)/4)/((-2)/4). Let b(r) = -3*r**3 + 6*r**2 + 2*r - 8. Let m(x) = s*b(x) - 4*y(x). Determine m(-3).
-7
Let p(z) = z + 2. Suppose q + 2*q - 9 = 5*x, -3*x + 6 = 2*q. Determine p(q).
5
Let v(y) = 25*y - 10. Suppose -2*i = -4*i - 4. Let p(t) = -8*t + 3. Suppose -2*f = 5*b + 47 - 14, -2*b - 2*f = 12. Let o(j) = b*p(j) + i*v(j). Calculate o(1).
5
Let p(t) = -t**2. Let w(n) = -6*n**2 + n - 1. Let a(g) = -p(g) - w(g). Let s(m) = m**3 - 3*m**2 - 2*m + 1. Let b be s(4). Suppose b = 2*o + 7. Give a(o).
7
Let p(h) = -4*h**2 - 2*h - 9. Let k(c) = 2*c**2 + c + 4. Suppose -4*t + 0 = 5*d - 31, 0 = -5*t + 4*d + 8. Let i(j) = t*p(j) + 9*k(j). Calculate i(1).
3
Let r(h) be the first derivative of h**4/4 - h**3 - 5*h**2/2 + 6*h + 7. Give r(4).
2
Let d be (-12 - -3) + -5 + 2. Let b(t) = -t**3 - 12*t**2 - 3. Give b(d).
-3
Let i(k) be the second derivative of k**3/3 - 4*k**2 - 9*k. Determine i(7).
6
Let m(u) = u + 7. Suppose -3*k - 6 = 12. Calculate m(k).
1
Let w(n) = -16 - 4*n + 11 + n**2 + 2*n. What is w(5)?
10
Let r(n) = -n**3 - 5*n**2 - 6*n - 3. Suppose -12 = 3*p - 0*p. Give r(p).
5
Let m(n) be the first derivative of -n**4/4 - 5*n**3/3 + 3*n**2/2 - 6*n + 1. Let b be (5 - (-10)/(-5))/((-1)/2). Give m(b).
12
Let m(z) be the third derivative of z**5/30 + z**4/12 + z**3/6 - z**2. Let x = -7 + 7. Suppose -3*n - n - 4 = x. Determine m(n).
1
Suppose i - 4*f - f - 26 = 0, -3*f - 10 = 5*i. Let d(h) be the first derivative of h**2 + 1/3*h**3 + i - h. Give d(-4).
7
Let q = -5 - -10. Let i(g) be the third derivative of -g**6/120 + g**5/15 + g**4/6 - g**3/6 - g**2. What is i(q)?
-6
Suppose -4*v + 15 = v. Let c(f) = -15*f**3 + 5*f**2 + 11*f**v + 5*f**3 - 6 - 6*f. What is c(-6)?
-6
Let n(h) = h**3 + 4*h**2 + 2. Suppose g - 9 = 4*g. Determine n(g).
11
Suppose -x = 2*v + 1 - 7, -3*v + 9 = -2*x. Let y(f) = -f**2 + 4*f + 3. Let w be y(v). Let n(r) = 2*r**3 - 2*r**2 - w*r - r**3 - r**2 + 5. Determine n(4).
-3
Let a(m) = 3*m + 12. Let z be a(-6). Let u(l) = l**2 + 6*l + 7. Determine u(z).
7
Let b(s) = -34*s - 4. Let c(z) = 11*z + 1. Let o(x) = -2*b(x) - 7*c(x). Calculate o(2).
-17
Let o(u) = u - 23. Let t = 23 - 17. Let j(i) = -i + 22. Let f(l) = t*o(l) + 7*j(l). Calculate f(0).
16
Let o(g) be the second derivative of g**4/12 - g**3/6 - g**2/2 + 10*g. What is o(2)?
1
Let d(j) = j - 7. Let v be (3 + 7)*3/5. Calculate d(v).
-1
Let r(p) be the second derivative of -p**4/12 + p**3/2 + p**2/2 + p - 6. Determine r(4).
-3
Let w(q) = q. Let j(o) = 2*o - 6. Let y(x) = -j(x) + 4*w(x). Calculate y(-5).
-4
Suppose -3*x + 15 = 5*u - 5, 0 = 3*u + 2*x - 12. Let w(a) = -a**3 + 3*a**2 + 4*a - 6. What is w(u)?
-6
Let l(y) = -3*y + y**2 + 6*y + 3*y + 3. Calculate l(-3).
-6
Let t(x) = 3*x**3 - 7*x - 3. Let n(s) = -s**3 + 3*s + 1. Let d(v) = 5*n(v) + 2*t(v). Determine d(0).
-1
Let o be (9/4)/(3/(-12)). Let u = o - -12. Let f(q) = 2*q**2 - 4*q - 1. Determine f(u).
5
Let r(m) = -m**3 + 7*m**2 + 9*m + 2. Let i be r(8). Suppose w = -w + i. Let b(d) = d - 1. Let q(u) = -7*u + 10. Let s(g) = 6*b(g) + q(g). What is s(w)?
-1
Let p(t) = 2*t**2 + 9 - 5*t**2 - 2*t**2 + 6*t**2 - 15*t. Let z be p(14). Let n(l) = -l**3 - 5*l**2 - l + 1. Determine n(z).
6
Suppose -a = 5*x - 24, 0 = 5*x - 17 - 3. Let s(i) = 0*i**3 - 1 - a*i**3 + i**3. Determine s(-1).
2
Suppose -3*b + 7 = -5*u - 14, 4*b - 20 = 4*u. Let m(v) = -v**2 + v. What is m(b)?
-2
Let c(t) = t + 3. Let y be c(0). Suppose -7*m = -3*m. Let h(q) = 0*q + m*q + 6 - q. What is h(y)?
3
Let q(a) be the third derivative of -a**4/24 + a**3/2 + 2*a**2. Suppose 0 = -2*x + 2*u - 10, -3*u - 8 = u. Let r = x + 7. Give q(r).
3
Let d(v) = 10*v + 12. Let j(s) = s + 1. Let w(p) = -d(p) + 6*j(p). Let z be -10*((-1)/(-2))/1. Calculate w(z).
14
Let n = 6 - 5. Let u(z) = z - 3*z**2 + 2*z**2 - 3*z + 1. What is u(n)?
-2
Let j(o) = -o**3 + 6*o**2 - 2*o + 4. Suppose 93 = 15*h + 3. Give j(h).
-8
Suppose -19 + 49 = 5*d. Suppose -3*c + c = d. Let y(a) = -16*a - 12. Let f(i) = 5*i + 4. Let k(n) = -7*f(n) - 2*y(n). What is k(c)?
5
Suppose -3*t = 2*t - 25. Let d(k) be the first derivative of -k**2/2 - 4*k - 113. What is d(t)?
-9
Let t(h) = -h. Suppose 20*u = 28 - 8. Give t(u).
-1
Suppose 2*o = 7*o - 15. Suppose -2*m = o*m - 10. Let q(y) = 5*y + 2. What is q(m)?
12
Let x(l) = l**2 - 9*l + 11. Suppose 0 = 3*q - 24. Determine x(q).
3
Let l(j) = 2*j**2 + 2*j. Let g(t) = 3*t**2 + 3*t. Let m(v) = 3*g(v) - 5*l(v). Let a be m(1). Let r(c) = -3*c. Give r(a).
6
Let y(s) be the first derivative of 2*s**4 + 1 + 1 - 2 + 6 - s. What is y(-1)?
-9
Suppose 0*g = -2*g + 10. Let m(w) be the third derivative of 0 - 1/6*w**3 + 1/120*w**6 - 1/15*w**5 + 0*w - 1/4*w**4 + 3*w**2. What is m(g)?
-6
Let n(t) = -7*t**3 + t**2 - 1. Suppose y = k - 2*k + 1, -y = -5*k + 5. Let s be 2 + k + (-1 - 0). Suppose 5 = -s*v - 3*v. What is n(v)?
7
Let o(d) = -1 + d + 1 + 1 - 8*d. Suppose 2*t = -1 + 7. Let p be 9/t + 1 + -3. What is o(p)?
-6
Let h(c) = c**3 - 3*c - 3. Let w(i) = -10*i**3 + 34*i + 34. Let j = 62 - -6. Let f(k) = j*h(k) + 6*w(k). Give f(-1).
-8
Let d(x) = -8*x**3 + 2*x**2 - 1. Let u(o) = o - 5. Let n be u(5). Let p = 1 + n. What is d(p)?
-7
Let b be (4 + -6)*(-3)/2. Suppose n + 1 = 2. Let j(c) = 1. Let k(o) = -o - 9. Let f(s) = n*k(s) + 6*j(s). Give f(b).
-6
Suppose 2*p - 6*p - 64 = 0. Let v be (p/6)/(1/(-3)). Let s = v - 5. Let o(g) = g**2 - 4*g - 1. Give o(s).
-4
Let l(t) be the first derivative of -t**3/3 + 3*t**2/2 + 6*t - 1. Suppose 0*r - y + 4 = r, 0 = 4*y - 8. Suppose 3*c - 25 = -r*c. Calculate l(c).
-4
Suppose 4*s + 1 + 11 = 0. Let t = s - -7. Let f(y) = -y**2 + 5*y - 4. Calculate f(t).
0
Let l(a) = 3*a - 3. Let i be l(2). Suppose i*s + 2*s = 25, 3*s - 6 = 3*h. Suppose 0*c + 3*y + 37 = -5*c, -c = -2*y - h. Let p(z) = z + 11. Give p(c).
6
Let l(x) = x**3 + 5*x**2 - 7*x - 8. Let v be l(-6